{"id":1035,"date":"2011-07-28T10:44:04","date_gmt":"2011-07-28T10:44:04","guid":{"rendered":"http:\/\/www.starkenberg.info\/_WP\/?page_id=1035"},"modified":"2021-03-03T09:11:11","modified_gmt":"2021-03-03T09:11:11","slug":"breesen","status":"publish","type":"page","link":"https:\/\/www.starkenberg.info\/?page_id=1035","title":{"rendered":"Breesen"},"content":{"rendered":"<p style=\"text-align: center;\"><span style=\"text-decoration: underline;\"><strong>Breesen<\/strong><\/span> (18 Einwohner)<\/p>\n<p><a class=\"thickbox\" title=\"PICT2124\" href=\"https:\/\/www.starkenberg.info\/_WP\/wp-content\/uploads\/2011\/07\/PICT2124.jpg\" rel=\"same-post-1035\"><img loading=\"lazy\" decoding=\"async\" class=\"alignleft size-thumbnail wp-image-1036\" title=\"PICT2124\" src=\"https:\/\/www.starkenberg.info\/_WP\/wp-content\/uploads\/2011\/07\/PICT2124-100x66.jpg\" alt=\"\" width=\"100\" height=\"66\" srcset=\"https:\/\/www.starkenberg.info\/_WP\/wp-content\/uploads\/2011\/07\/PICT2124-100x66.jpg 100w, https:\/\/www.starkenberg.info\/_WP\/wp-content\/uploads\/2011\/07\/PICT2124-300x199.jpg 300w, https:\/\/www.starkenberg.info\/_WP\/wp-content\/uploads\/2011\/07\/PICT2124.jpg 800w\" sizes=\"auto, (max-width: 100px) 100vw, 100px\" \/><\/a>Breesen liegt 5 km von Starkenberg und 9,5 km von Altenburg entfernt.<\/p>\n<p>Breesen liegt s\u00fcdlich von Tegkwitz am Arm des Gerstenbaches. Die Dorfform von Breesen ist ein Rundling. Der Ort Breesen wurde erstmals 1181 in Urkunden schriftlich erw\u00e4hnt. Der slawische Ortsname Bresen- Breesen wird von Brise (Birke) abgeleitet. Im Jahr 1445 werden in Urkunden 6 Bauerh\u00f6fe erw\u00e4hnt.<a class=\"thickbox\" title=\"Heitschhof_Breesen\" href=\"https:\/\/www.starkenberg.info\/_WP\/wp-content\/uploads\/2011\/07\/Heitschhof_Breesen.jpg\" rel=\"same-post-1035\"><img loading=\"lazy\" decoding=\"async\" class=\"size-thumbnail wp-image-1040 alignright\" title=\"Heitschhof_Breesen\" src=\"https:\/\/www.starkenberg.info\/_WP\/wp-content\/uploads\/2011\/07\/Heitschhof_Breesen-100x75.jpg\" alt=\"\" width=\"100\" height=\"75\" srcset=\"https:\/\/www.starkenberg.info\/_WP\/wp-content\/uploads\/2011\/07\/Heitschhof_Breesen-100x75.jpg 100w, https:\/\/www.starkenberg.info\/_WP\/wp-content\/uploads\/2011\/07\/Heitschhof_Breesen.jpg 220w\" sizes=\"auto, (max-width: 100px) 100vw, 100px\" \/><\/a><\/p>\n<p><a class=\"thickbox\" title=\"Heitsch Laubengang\" href=\"https:\/\/www.starkenberg.info\/_WP\/wp-content\/uploads\/2011\/07\/Heitsch-Laubengang.jpg\" rel=\"same-post-1035\"><img loading=\"lazy\" decoding=\"async\" class=\"alignleft size-thumbnail wp-image-1039\" title=\"Heitsch Laubengang\" src=\"https:\/\/www.starkenberg.info\/_WP\/wp-content\/uploads\/2011\/07\/Heitsch-Laubengang-100x71.jpg\" alt=\"\" width=\"100\" height=\"71\" srcset=\"https:\/\/www.starkenberg.info\/_WP\/wp-content\/uploads\/2011\/07\/Heitsch-Laubengang-100x71.jpg 100w, https:\/\/www.starkenberg.info\/_WP\/wp-content\/uploads\/2011\/07\/Heitsch-Laubengang-300x213.jpg 300w, https:\/\/www.starkenberg.info\/_WP\/wp-content\/uploads\/2011\/07\/Heitsch-Laubengang.jpg 800w\" sizes=\"auto, (max-width: 100px) 100vw, 100px\" \/><\/a>Ein Breesener Bauernhof diente als Vorlage f\u00fcr ein 1913 f\u00fcr das\u00a0Volkskundemuseum Berlin gefertigtem Modell, das dort 1945 einen Bombenangriff zum Opfer fiel. Das dargestellte Anwesen Nr. 1 (Heitsch) weicht durch seinen trapezf\u00f6rmigen Grundriss vom rechteckigen Altenburger Bauernhof ab.<\/p>\n<p style=\"text-align: left;\"><a class=\"thickbox\" title=\"Blick auf Breesen\" href=\"https:\/\/www.starkenberg.info\/_WP\/wp-content\/uploads\/2011\/07\/Blick-auf-Breesen.jpg\" rel=\"same-post-1035\"><img loading=\"lazy\" decoding=\"async\" class=\"size-thumbnail wp-image-1037 aligncenter\" title=\"Blick auf Breesen\" src=\"https:\/\/www.starkenberg.info\/_WP\/wp-content\/uploads\/2011\/07\/Blick-auf-Breesen-100x74.jpg\" alt=\"\" width=\"100\" height=\"74\" srcset=\"https:\/\/www.starkenberg.info\/_WP\/wp-content\/uploads\/2011\/07\/Blick-auf-Breesen-100x74.jpg 100w, https:\/\/www.starkenberg.info\/_WP\/wp-content\/uploads\/2011\/07\/Blick-auf-Breesen-300x224.jpg 300w, https:\/\/www.starkenberg.info\/_WP\/wp-content\/uploads\/2011\/07\/Blick-auf-Breesen.jpg 800w\" sizes=\"auto, (max-width: 100px) 100vw, 100px\" \/><\/a><\/p>\n<p style=\"text-align: left;\">\n","protected":false},"excerpt":{"rendered":"<p>Breesen (18 Einwohner) Breesen liegt 5 km von Starkenberg und 9,5 km von Altenburg entfernt. Breesen liegt s\u00fcdlich von Tegkwitz&#8230;<\/p>\n","protected":false},"author":1,"featured_media":0,"parent":0,"menu_order":0,"comment_status":"closed","ping_status":"closed","template":"page-template\/page-with-right-sidebar.php","meta":{"ngg_post_thumbnail":0,"footnotes":""},"class_list":["post-1035","page","type-page","status-publish","hentry"],"_links":{"self":[{"href":"https:\/\/www.starkenberg.info\/index.php?rest_route=\/wp\/v2\/pages\/1035","targetHints":{"allow":["GET"]}}],"collection":[{"href":"https:\/\/www.starkenberg.info\/index.php?rest_route=\/wp\/v2\/pages"}],"about":[{"href":"https:\/\/www.starkenberg.info\/index.php?rest_route=\/wp\/v2\/types\/page"}],"author":[{"embeddable":true,"href":"https:\/\/www.starkenberg.info\/index.php?rest_route=\/wp\/v2\/users\/1"}],"replies":[{"embeddable":true,"href":"https:\/\/www.starkenberg.info\/index.php?rest_route=%2Fwp%2Fv2%2Fcomments&post=1035"}],"version-history":[{"count":5,"href":"https:\/\/www.starkenberg.info\/index.php?rest_route=\/wp\/v2\/pages\/1035\/revisions"}],"predecessor-version":[{"id":7821,"href":"https:\/\/www.starkenberg.info\/index.php?rest_route=\/wp\/v2\/pages\/1035\/revisions\/7821"}],"wp:attachment":[{"href":"https:\/\/www.starkenberg.info\/index.php?rest_route=%2Fwp%2Fv2%2Fmedia&parent=1035"}],"curies":[{"name":"wp","href":"https:\/\/api.w.org\/{rel}","templated":true}]}}