{"id":1270,"date":"2011-08-05T12:31:12","date_gmt":"2011-08-05T12:31:12","guid":{"rendered":"http:\/\/www.starkenberg.info\/_WP\/?page_id=1270"},"modified":"2021-03-03T09:12:01","modified_gmt":"2021-03-03T09:12:01","slug":"teichfest-2007","status":"publish","type":"page","link":"https:\/\/www.starkenberg.info\/?page_id=1270","title":{"rendered":"Teichfest 2007"},"content":{"rendered":"<p style=\"text-align: center;\"><a class=\"thickbox\" title=\"PN8\" href=\"https:\/\/www.starkenberg.info\/_WP\/wp-content\/uploads\/2011\/08\/PN8.jpg\" rel=\"same-post-1270\"><img loading=\"lazy\" decoding=\"async\" class=\"aligncenter size-medium wp-image-1271\" title=\"PN8\" src=\"https:\/\/www.starkenberg.info\/_WP\/wp-content\/uploads\/2011\/08\/PN8-300x111.jpg\" alt=\"\" width=\"300\" height=\"111\" srcset=\"https:\/\/www.starkenberg.info\/_WP\/wp-content\/uploads\/2011\/08\/PN8-300x111.jpg 300w, https:\/\/www.starkenberg.info\/_WP\/wp-content\/uploads\/2011\/08\/PN8-100x37.jpg 100w, https:\/\/www.starkenberg.info\/_WP\/wp-content\/uploads\/2011\/08\/PN8.jpg 600w\" sizes=\"auto, (max-width: 300px) 100vw, 300px\" \/><\/a><strong>Freitag, 15.06.2007<br \/>\n<\/strong>19:00 Uhr Fackelumzug mit dem Starkenberger Spielmannszug<br \/>\n21:00 Uhr Mobildiskothek SOS-Sound of Saara (Eintritt 3 Euro)<br \/>\n<strong>Sonnabend, 16.06.2007<\/strong><br \/>\n14:30 Uhr Programm f\u00fcr Jung und Alt<br \/>\nOsterl\u00e4nder Musikduo, Clown Franz, Zauberer Rauschini, Rundfahrten mit dem Feuerwehrauto, Jagdschie\u00dfbude, Kinderschminken, H\u00fcpfburg<br \/>\n(bis 18:00 Uhr Eintritt 1,50 Euro)<br \/>\n21:00 Uhr Deutschlands Beste Rock \u2013 Pop Cover Band <strong>p.n.8<\/strong> (Eintritt 4 Euro)<br \/>\n<strong>Sonntag, 17.06.2007<br \/>\n<\/strong>09:30 Uhr Fr\u00fchschoppen mit Skatturnier<br \/>\n11:30 Uhr Mittagessen aus der Gulaschkannnone danach gem\u00fctlicher Ausklang des Festes<br \/>\nngg_shortcode_0_placeholder<\/p>\n","protected":false},"excerpt":{"rendered":"<p>Freitag, 15.06.2007 19:00 Uhr Fackelumzug mit dem Starkenberger Spielmannszug 21:00 Uhr Mobildiskothek SOS-Sound of Saara (Eintritt 3 Euro) Sonnabend, 16.06.2007&#8230;<\/p>\n","protected":false},"author":1,"featured_media":0,"parent":0,"menu_order":0,"comment_status":"closed","ping_status":"closed","template":"page-template\/page-with-right-sidebar.php","meta":{"ngg_post_thumbnail":0,"footnotes":""},"class_list":["post-1270","page","type-page","status-publish","hentry"],"_links":{"self":[{"href":"https:\/\/www.starkenberg.info\/index.php?rest_route=\/wp\/v2\/pages\/1270","targetHints":{"allow":["GET"]}}],"collection":[{"href":"https:\/\/www.starkenberg.info\/index.php?rest_route=\/wp\/v2\/pages"}],"about":[{"href":"https:\/\/www.starkenberg.info\/index.php?rest_route=\/wp\/v2\/types\/page"}],"author":[{"embeddable":true,"href":"https:\/\/www.starkenberg.info\/index.php?rest_route=\/wp\/v2\/users\/1"}],"replies":[{"embeddable":true,"href":"https:\/\/www.starkenberg.info\/index.php?rest_route=%2Fwp%2Fv2%2Fcomments&post=1270"}],"version-history":[{"count":2,"href":"https:\/\/www.starkenberg.info\/index.php?rest_route=\/wp\/v2\/pages\/1270\/revisions"}],"predecessor-version":[{"id":7868,"href":"https:\/\/www.starkenberg.info\/index.php?rest_route=\/wp\/v2\/pages\/1270\/revisions\/7868"}],"wp:attachment":[{"href":"https:\/\/www.starkenberg.info\/index.php?rest_route=%2Fwp%2Fv2%2Fmedia&parent=1270"}],"curies":[{"name":"wp","href":"https:\/\/api.w.org\/{rel}","templated":true}]}}