{"id":2290,"date":"2012-11-21T14:08:46","date_gmt":"2012-11-21T14:08:46","guid":{"rendered":"http:\/\/www.starkenberg.info\/?page_id=2290"},"modified":"2021-03-03T09:11:48","modified_gmt":"2021-03-03T09:11:48","slug":"reiten","status":"publish","type":"page","link":"https:\/\/www.starkenberg.info\/?page_id=2290","title":{"rendered":"Reiten bis 2011"},"content":{"rendered":"<address style=\"text-align: center;\"><a href=\"https:\/\/www.starkenberg.info\/_WP\/wp-content\/uploads\/2012\/12\/IMG_6576-1.jpg\"><img loading=\"lazy\" decoding=\"async\" class=\"wp-image-2813 aligncenter\" src=\"https:\/\/www.starkenberg.info\/_WP\/wp-content\/uploads\/2012\/12\/IMG_6576-1-1024x267.jpg\" alt=\"IMG_6576-1\" width=\"540\" height=\"141\" srcset=\"https:\/\/www.starkenberg.info\/_WP\/wp-content\/uploads\/2012\/12\/IMG_6576-1-1024x267.jpg 1024w, https:\/\/www.starkenberg.info\/_WP\/wp-content\/uploads\/2012\/12\/IMG_6576-1-100x26.jpg 100w, https:\/\/www.starkenberg.info\/_WP\/wp-content\/uploads\/2012\/12\/IMG_6576-1-300x78.jpg 300w, https:\/\/www.starkenberg.info\/_WP\/wp-content\/uploads\/2012\/12\/IMG_6576-1.jpg 1728w\" sizes=\"auto, (max-width: 540px) 100vw, 540px\" \/><\/a><\/address>\n<p><a title=\"Bild 08\" href=\"https:\/\/www.starkenberg.info\/_WP\/wp-content\/uploads\/2012\/11\/Bild-08.jpg\" rel=\"same-post-2290\"><img loading=\"lazy\" decoding=\"async\" class=\"alignleft\" title=\"Hanne\" src=\"https:\/\/www.starkenberg.info\/_WP\/wp-content\/uploads\/2012\/11\/Bild-08-100x74.jpg\" alt=\"\" width=\"100\" height=\"74\" \/><\/a>Das war die Hanne\u2026 genau gesagt Handfeste. Sie geh\u00f6rte Barbara Karte und wurde bis 2011 von Christina Gentsch aktiv auf Springturnieren geritten. Die beiden r\u00e4umten viele Preise ab.<br \/>\nChristina sprang mit Hanne bis Leistungsklasse L\u2026. oder war es Hanne mit Christina? \ud83d\ude09 Egal wie man das sieht, beide konnten in diesem Sport viele Erfolge verzeichnen!<br \/>\nDiese Leistungsklasse L beinhaltet Spr\u00fcnge mit einer H\u00f6he und Tiefe von bis 1,20m \u2013 eine beachtliche Leistung!<br \/>\n<a title=\"Bild 10\" href=\"https:\/\/www.starkenberg.info\/_WP\/wp-content\/uploads\/2012\/11\/Bild-10.jpg\" rel=\"same-post-2290\"><img loading=\"lazy\" decoding=\"async\" class=\"alignleft\" title=\"Hanne\" src=\"https:\/\/www.starkenberg.info\/_WP\/wp-content\/uploads\/2012\/11\/Bild-10-100x66.jpg\" alt=\"\" width=\"100\" height=\"66\" \/><\/a>Aufgrund des Pferdealters von Hanne wurde sie 2011 aus dem aktiven Turniersport genommen. Doch dies war kein Alter f\u00fcr unsere Hanne, sie hatte nach wie vor ausreichend Feuer und Power.<br \/>\nSie genoss noch lange das entspannte Koppelleben mit ihren Kumpels und wurde freizeitm\u00e4\u00dfig ins Gel\u00e4nde geritten. Sie war nach wie vor das Energieb\u00fcndel Nr. 1 und jeder kleine Sprung machte ihr jede Menge Spa\u00df! Im August 2016 mussten wir uns von diesem tollen Pferd verabschieden. Sie verlie\u00df uns nach einer Kolik \u00fcber die Regenbogenbr\u00fccke.<br \/>\nBei Christina und Hanne m\u00f6chten wir an dieser Stelle\u00a0<strong>\u201eDANKE\u201c<\/strong>\u00a0sagen f\u00fcr die vielen tollen Erfolge, die im Namen des SV Starkenberg erzielt worden sind!<\/p>\n<p><a title=\"Bild 09\" href=\"https:\/\/www.starkenberg.info\/_WP\/wp-content\/uploads\/2012\/11\/Bild-09.jpg\" rel=\"same-post-2290\"><img loading=\"lazy\" decoding=\"async\" title=\"Hanne beim Longieren\" src=\"https:\/\/www.starkenberg.info\/_WP\/wp-content\/uploads\/2012\/11\/Bild-09-100x74.jpg\" alt=\"\" width=\"100\" height=\"74\" \/><\/a>\u00a0\u00a0\u00a0<a title=\"Bild 11\" href=\"https:\/\/www.starkenberg.info\/_WP\/wp-content\/uploads\/2012\/11\/Bild-11.jpg\" rel=\"same-post-2290\"><img loading=\"lazy\" decoding=\"async\" title=\"Badespa\u00df!\" src=\"https:\/\/www.starkenberg.info\/_WP\/wp-content\/uploads\/2012\/11\/Bild-11-100x66.jpg\" alt=\"\" width=\"100\" height=\"66\" \/><\/a>\u00a0\u00a0\u00a0<a title=\"Bild 07\" href=\"https:\/\/www.starkenberg.info\/_WP\/wp-content\/uploads\/2012\/11\/Bild-07.jpg\" rel=\"same-post-2290\"><img loading=\"lazy\" decoding=\"async\" title=\"Hanne\" src=\"https:\/\/www.starkenberg.info\/_WP\/wp-content\/uploads\/2012\/11\/Bild-07-100x74.jpg\" alt=\"\" width=\"100\" height=\"74\" \/><\/a><\/p>\n<p>&nbsp;<\/p>\n<hr \/>\n<p>Bis 2009 wurde aktiv eine Voltigiergruppe betreut.<\/p>\n<p>Christina und Kornelia Gentsch, Stefanie Hoppe und Juliane Heller haben sich dabei viele Jahre engagiert um den sportlichen Nachwuchs gek\u00fcmmert. F\u00fcr diese jahrelange Arbeit im Vereinsleben und die f\u00fcrsorgliche Betreuung der interessierten Voltigier-Kinder bedanken wir uns an dieser Stelle recht herzlich. Es wurde viel trainiert und ge\u00fcbt, man nahm an Wettk\u00e4mpfen teil, Holzpferdeturniere wurde besucht.<\/p>\n<p>Aufgrund ihres Alters wurden die treuen Voltigierpferde Juwel und Durex dann in ihren wohlverdienten Ruhestand geschickt. \u00a0Auch bei den vierbeinigen Sportlern muss man mal <strong>\u201eDANKE\u201c<\/strong> sagen f\u00fcr die jahrelangen zuverl\u00e4ssigen Dienste.<\/p>\n<p><a class=\"thickbox\" title=\"Bild 02\" href=\"https:\/\/www.starkenberg.info\/_WP\/wp-content\/uploads\/2012\/11\/Bild-02.jpg\" rel=\"same-post-2290\"><img loading=\"lazy\" decoding=\"async\" class=\"alignleft size-thumbnail wp-image-2293\" title=\"Juwel und Durex bei der Arbeit\" src=\"https:\/\/www.starkenberg.info\/_WP\/wp-content\/uploads\/2012\/11\/Bild-02-100x56.jpg\" alt=\"\" width=\"100\" height=\"56\" srcset=\"https:\/\/www.starkenberg.info\/_WP\/wp-content\/uploads\/2012\/11\/Bild-02-100x56.jpg 100w, https:\/\/www.starkenberg.info\/_WP\/wp-content\/uploads\/2012\/11\/Bild-02-300x169.jpg 300w, https:\/\/www.starkenberg.info\/_WP\/wp-content\/uploads\/2012\/11\/Bild-02.jpg 800w\" sizes=\"auto, (max-width: 100px) 100vw, 100px\" \/><\/a><\/p>\n<p><a class=\"thickbox\" title=\"Bild 06\" href=\"https:\/\/www.starkenberg.info\/_WP\/wp-content\/uploads\/2012\/11\/Bild-06.jpg\" rel=\"same-post-2290\"><img loading=\"lazy\" decoding=\"async\" class=\"alignleft size-thumbnail wp-image-2297\" title=\"Juwel und Durex\" src=\"https:\/\/www.starkenberg.info\/_WP\/wp-content\/uploads\/2012\/11\/Bild-06-100x66.jpg\" alt=\"\" width=\"100\" height=\"66\" srcset=\"https:\/\/www.starkenberg.info\/_WP\/wp-content\/uploads\/2012\/11\/Bild-06-100x66.jpg 100w, https:\/\/www.starkenberg.info\/_WP\/wp-content\/uploads\/2012\/11\/Bild-06-300x199.jpg 300w, https:\/\/www.starkenberg.info\/_WP\/wp-content\/uploads\/2012\/11\/Bild-06.jpg 830w\" sizes=\"auto, (max-width: 100px) 100vw, 100px\" \/><\/a><a class=\"thickbox\" title=\"Bild 05\" href=\"https:\/\/www.starkenberg.info\/_WP\/wp-content\/uploads\/2012\/11\/Bild-05.jpg\" rel=\"same-post-2290\"><img loading=\"lazy\" decoding=\"async\" class=\"alignleft size-thumbnail wp-image-2296\" title=\"die Herde\" src=\"https:\/\/www.starkenberg.info\/_WP\/wp-content\/uploads\/2012\/11\/Bild-05-100x75.jpg\" alt=\"\" width=\"100\" height=\"75\" srcset=\"https:\/\/www.starkenberg.info\/_WP\/wp-content\/uploads\/2012\/11\/Bild-05-100x75.jpg 100w, https:\/\/www.starkenberg.info\/_WP\/wp-content\/uploads\/2012\/11\/Bild-05-300x225.jpg 300w, https:\/\/www.starkenberg.info\/_WP\/wp-content\/uploads\/2012\/11\/Bild-05.jpg 600w\" sizes=\"auto, (max-width: 100px) 100vw, 100px\" \/><\/a><a class=\"thickbox\" title=\"Bild 03\" href=\"https:\/\/www.starkenberg.info\/_WP\/wp-content\/uploads\/2012\/11\/Bild-03.jpg\" rel=\"same-post-2290\"><img loading=\"lazy\" decoding=\"async\" class=\"alignleft size-thumbnail wp-image-2294\" title=\"Durex und Juwel\" src=\"https:\/\/www.starkenberg.info\/_WP\/wp-content\/uploads\/2012\/11\/Bild-03-100x70.jpg\" alt=\"\" width=\"100\" height=\"70\" srcset=\"https:\/\/www.starkenberg.info\/_WP\/wp-content\/uploads\/2012\/11\/Bild-03-100x70.jpg 100w, https:\/\/www.starkenberg.info\/_WP\/wp-content\/uploads\/2012\/11\/Bild-03-300x212.jpg 300w, https:\/\/www.starkenberg.info\/_WP\/wp-content\/uploads\/2012\/11\/Bild-03.jpg 530w\" sizes=\"auto, (max-width: 100px) 100vw, 100px\" \/><\/a><a class=\"thickbox\" title=\"Bild 04\" href=\"https:\/\/www.starkenberg.info\/_WP\/wp-content\/uploads\/2012\/11\/Bild-04.jpg\" rel=\"same-post-2290\"><img loading=\"lazy\" decoding=\"async\" class=\"alignleft size-thumbnail wp-image-2295\" title=\"entspanntes Koppelleben\" src=\"https:\/\/www.starkenberg.info\/_WP\/wp-content\/uploads\/2012\/11\/Bild-04-100x74.jpg\" alt=\"\" width=\"100\" height=\"74\" srcset=\"https:\/\/www.starkenberg.info\/_WP\/wp-content\/uploads\/2012\/11\/Bild-04-100x74.jpg 100w, https:\/\/www.starkenberg.info\/_WP\/wp-content\/uploads\/2012\/11\/Bild-04-300x224.jpg 300w, https:\/\/www.starkenberg.info\/_WP\/wp-content\/uploads\/2012\/11\/Bild-04.jpg 778w\" sizes=\"auto, (max-width: 100px) 100vw, 100px\" \/><\/a><\/p>\n<p>&nbsp;<\/p>\n<p>&nbsp;<\/p>\n<p>&nbsp;<\/p>\n<p>&nbsp;<\/p>\n<p>Beide genossen nach der sportlichen Karriere ausgiebig das Pferdeleben auf den Koppeln des Hofes. Durex tobt nach wie vor oft vergn\u00fcgt mit seinen Kumpels herum, von Juwel mussten wir Ende 2012 \u00a0leider \u00a0Abschied nehmen.<\/p>\n<p style=\"text-align: center;\"><b>Nachruf f\u00fcr ein besonderes Pferd!<\/b><\/p>\n<p style=\"text-align: center;\"><a href=\"https:\/\/www.starkenberg.info\/_WP\/wp-content\/uploads\/2012\/11\/homepage.jpg\"><img loading=\"lazy\" decoding=\"async\" class=\"wp-image-2827 aligncenter\" title=\"JUWEL\" src=\"https:\/\/www.starkenberg.info\/_WP\/wp-content\/uploads\/2012\/11\/homepage-300x208.jpg\" alt=\"homepage\" width=\"180\" height=\"125\" srcset=\"https:\/\/www.starkenberg.info\/_WP\/wp-content\/uploads\/2012\/11\/homepage-300x208.jpg 300w, https:\/\/www.starkenberg.info\/_WP\/wp-content\/uploads\/2012\/11\/homepage-100x69.jpg 100w, https:\/\/www.starkenberg.info\/_WP\/wp-content\/uploads\/2012\/11\/homepage.jpg 548w\" sizes=\"auto, (max-width: 180px) 100vw, 180px\" \/><\/a><\/p>\n<p style=\"text-align: center;\"><b>JUWEL \u00a0 \u00a0 \u00a0<\/b>Rasse : Deutsches Reitpferd, \u00a002.05.1991 &#8211; 21.11.2012<\/p>\n<p style=\"text-align: center;\"><strong><span style=\"color: #800000;\">Die sch\u00f6nste Eroberung, die der Mensch jemals macht,\u00a0ist die Gewinnung des Herzens dieses stolzen und feurigen Tieres\u00a0DEM PFERD<\/span><\/strong><\/p>\n<p>Er war ein gro\u00dfer vierbeiniger Sportler!<\/p>\n<p>Er liebte Kinder und Kinder liebten ihn!!!<\/p>\n<p>Er war kein normales Pferd, er hatte seine eigene Meinung. Die er auch nicht ohne dar\u00fcber zu diskutieren oder Kompromisse zu schlie\u00dfen einfach aufgegeben hat. In jungen Jahren hat man von Weiten gesehen, ob er sich heute wieder eine kleine Frechheit \u00fcberlegt hatte. Aber er hat es nie zugelassen, dass uns was passiert, und er hat sich auch viel M\u00fche gegeben, mit uns zu lernen und die sportlichen Anforderungen umzusetzen.<\/p>\n<p>Durch seine Ausdauer und seine Geduld hat er begeisterten Kindern viel beigebracht und so sind wir stolz auf all die Erfolge, die wir mit Juwel gewonnen haben!<br \/>\nWir vermissen dich so unendlich!!!!<\/p>\n<p>Aber wir glauben auch daran,\u00a0dass er jetzt vom Pferdehimmel aus auf uns aufpasst!!!<\/p>\n<div id='gallery-1' class='gallery galleryid-2290 gallery-columns-5 gallery-size-thumbnail'><figure class='gallery-item'>\n\t\t\t<div class='gallery-icon portrait'>\n\t\t\t\t<a href='https:\/\/www.starkenberg.info\/?attachment_id=2828'><img loading=\"lazy\" decoding=\"async\" width=\"66\" height=\"100\" src=\"https:\/\/www.starkenberg.info\/_WP\/wp-content\/uploads\/2012\/11\/homepage1-66x100.jpg\" class=\"attachment-thumbnail size-thumbnail\" alt=\"\" srcset=\"https:\/\/www.starkenberg.info\/_WP\/wp-content\/uploads\/2012\/11\/homepage1-66x100.jpg 66w, https:\/\/www.starkenberg.info\/_WP\/wp-content\/uploads\/2012\/11\/homepage1-199x300.jpg 199w, https:\/\/www.starkenberg.info\/_WP\/wp-content\/uploads\/2012\/11\/homepage1.jpg 333w\" sizes=\"auto, (max-width: 66px) 100vw, 66px\" \/><\/a>\n\t\t\t<\/div><\/figure><figure class='gallery-item'>\n\t\t\t<div class='gallery-icon portrait'>\n\t\t\t\t<a href='https:\/\/www.starkenberg.info\/?attachment_id=2829'><img loading=\"lazy\" decoding=\"async\" width=\"81\" height=\"100\" src=\"https:\/\/www.starkenberg.info\/_WP\/wp-content\/uploads\/2012\/11\/homepage2-81x100.jpg\" class=\"attachment-thumbnail size-thumbnail\" alt=\"\" srcset=\"https:\/\/www.starkenberg.info\/_WP\/wp-content\/uploads\/2012\/11\/homepage2-81x100.jpg 81w, https:\/\/www.starkenberg.info\/_WP\/wp-content\/uploads\/2012\/11\/homepage2-245x300.jpg 245w, https:\/\/www.starkenberg.info\/_WP\/wp-content\/uploads\/2012\/11\/homepage2.jpg 383w\" sizes=\"auto, (max-width: 81px) 100vw, 81px\" \/><\/a>\n\t\t\t<\/div><\/figure><figure class='gallery-item'>\n\t\t\t<div class='gallery-icon portrait'>\n\t\t\t\t<a href='https:\/\/www.starkenberg.info\/?attachment_id=2831'><img loading=\"lazy\" decoding=\"async\" width=\"84\" height=\"100\" src=\"https:\/\/www.starkenberg.info\/_WP\/wp-content\/uploads\/2012\/11\/homepage5-84x100.jpg\" class=\"attachment-thumbnail size-thumbnail\" alt=\"\" srcset=\"https:\/\/www.starkenberg.info\/_WP\/wp-content\/uploads\/2012\/11\/homepage5-84x100.jpg 84w, https:\/\/www.starkenberg.info\/_WP\/wp-content\/uploads\/2012\/11\/homepage5-253x300.jpg 253w, https:\/\/www.starkenberg.info\/_WP\/wp-content\/uploads\/2012\/11\/homepage5-864x1024.jpg 864w, https:\/\/www.starkenberg.info\/_WP\/wp-content\/uploads\/2012\/11\/homepage5.jpg 984w\" sizes=\"auto, (max-width: 84px) 100vw, 84px\" \/><\/a>\n\t\t\t<\/div><\/figure><figure class='gallery-item'>\n\t\t\t<div class='gallery-icon landscape'>\n\t\t\t\t<a href='https:\/\/www.starkenberg.info\/?attachment_id=2830'><img loading=\"lazy\" decoding=\"async\" width=\"100\" height=\"72\" src=\"https:\/\/www.starkenberg.info\/_WP\/wp-content\/uploads\/2012\/11\/homepage4-100x72.jpg\" class=\"attachment-thumbnail size-thumbnail\" alt=\"\" srcset=\"https:\/\/www.starkenberg.info\/_WP\/wp-content\/uploads\/2012\/11\/homepage4-100x72.jpg 100w, https:\/\/www.starkenberg.info\/_WP\/wp-content\/uploads\/2012\/11\/homepage4-300x218.jpg 300w, https:\/\/www.starkenberg.info\/_WP\/wp-content\/uploads\/2012\/11\/homepage4.jpg 816w\" sizes=\"auto, (max-width: 100px) 100vw, 100px\" \/><\/a>\n\t\t\t<\/div><\/figure><figure class='gallery-item'>\n\t\t\t<div class='gallery-icon landscape'>\n\t\t\t\t<a href='https:\/\/www.starkenberg.info\/?attachment_id=2832'><img loading=\"lazy\" decoding=\"async\" width=\"100\" height=\"68\" src=\"https:\/\/www.starkenberg.info\/_WP\/wp-content\/uploads\/2012\/11\/homepage6-100x68.jpg\" class=\"attachment-thumbnail size-thumbnail\" alt=\"\" srcset=\"https:\/\/www.starkenberg.info\/_WP\/wp-content\/uploads\/2012\/11\/homepage6-100x68.jpg 100w, https:\/\/www.starkenberg.info\/_WP\/wp-content\/uploads\/2012\/11\/homepage6-300x204.jpg 300w, https:\/\/www.starkenberg.info\/_WP\/wp-content\/uploads\/2012\/11\/homepage6.jpg 502w\" sizes=\"auto, (max-width: 100px) 100vw, 100px\" \/><\/a>\n\t\t\t<\/div><\/figure>\n\t\t<\/div>\n\n<hr \/>\n<p><span style=\"text-decoration: underline; font-size: medium;\"><strong>R\u00fcckblick:<\/strong><\/span><\/p>\n<p><strong>Herbstausritt<\/strong> 15.10.2005<br \/>\nngg_shortcode_0_placeholder<\/p>\n","protected":false},"excerpt":{"rendered":"<p>Das war die Hanne\u2026 genau gesagt Handfeste. Sie geh\u00f6rte Barbara Karte und wurde bis 2011 von Christina Gentsch aktiv auf&#8230;<\/p>\n","protected":false},"author":1,"featured_media":0,"parent":0,"menu_order":0,"comment_status":"closed","ping_status":"closed","template":"page-template\/page-with-right-sidebar.php","meta":{"ngg_post_thumbnail":0,"footnotes":""},"class_list":["post-2290","page","type-page","status-publish","hentry"],"_links":{"self":[{"href":"https:\/\/www.starkenberg.info\/index.php?rest_route=\/wp\/v2\/pages\/2290","targetHints":{"allow":["GET"]}}],"collection":[{"href":"https:\/\/www.starkenberg.info\/index.php?rest_route=\/wp\/v2\/pages"}],"about":[{"href":"https:\/\/www.starkenberg.info\/index.php?rest_route=\/wp\/v2\/types\/page"}],"author":[{"embeddable":true,"href":"https:\/\/www.starkenberg.info\/index.php?rest_route=\/wp\/v2\/users\/1"}],"replies":[{"embeddable":true,"href":"https:\/\/www.starkenberg.info\/index.php?rest_route=%2Fwp%2Fv2%2Fcomments&post=2290"}],"version-history":[{"count":24,"href":"https:\/\/www.starkenberg.info\/index.php?rest_route=\/wp\/v2\/pages\/2290\/revisions"}],"predecessor-version":[{"id":5085,"href":"https:\/\/www.starkenberg.info\/index.php?rest_route=\/wp\/v2\/pages\/2290\/revisions\/5085"}],"wp:attachment":[{"href":"https:\/\/www.starkenberg.info\/index.php?rest_route=%2Fwp%2Fv2%2Fmedia&parent=2290"}],"curies":[{"name":"wp","href":"https:\/\/api.w.org\/{rel}","templated":true}]}}