{"id":62,"date":"2011-03-01T10:25:27","date_gmt":"2011-03-01T10:25:27","guid":{"rendered":"http:\/\/www.starkenberg.info\/_WP\/?page_id=62"},"modified":"2023-09-06T10:39:05","modified_gmt":"2023-09-06T10:39:05","slug":"14-kindergarten","status":"publish","type":"page","link":"https:\/\/www.starkenberg.info\/?page_id=62","title":{"rendered":"Der Kindergarten"},"content":{"rendered":"\n<p><strong>Kindertagesst\u00e4tte &#8222;Frohe Zukunft&#8220;<\/strong><\/p>\n\n\n<div class=\"wp-block-image\">\n<figure class=\"alignleft\"><a class=\"thickbox\" href=\"https:\/\/www.starkenberg.info\/_WP\/wp-content\/uploads\/2011\/03\/Bild1.jpg\" rel=\"same-post-62\"><img loading=\"lazy\" decoding=\"async\" width=\"300\" height=\"225\" src=\"https:\/\/www.starkenberg.info\/_WP\/wp-content\/uploads\/2011\/03\/Bild1-300x225.jpg\" alt=\"\" class=\"wp-image-205\" title=\"Bild1\" srcset=\"https:\/\/www.starkenberg.info\/_WP\/wp-content\/uploads\/2011\/03\/Bild1-300x225.jpg 300w, https:\/\/www.starkenberg.info\/_WP\/wp-content\/uploads\/2011\/03\/Bild1.jpg 800w\" sizes=\"auto, (max-width: 300px) 100vw, 300px\" \/><\/a><\/figure>\n<\/div>\n\n\n<p>In unserer Kindertagesst\u00e4tte besteht die M\u00f6glichkeit, die Kinder ab einem Jahr unterzubringen und sie bis zum Schuleintritt zu betreuen.<\/p>\n\n\n\n<hr class=\"wp-block-separator has-alpha-channel-opacity\"\/>\n\n\nngg_shortcode_0_placeholder\n\n\n\n<figure class=\"wp-block-table\"><table><tbody><tr><td>Tr\u00e4ger<\/td><td><strong>Gemeinde Starkenberg<\/strong><\/td><\/tr><tr><td>Leiter der Einrichtung<\/td><td><strong>B\u00fcrgermeister Herr Zetsche<\/strong><\/td><\/tr><tr><td>Anschrift<\/td><td><strong>Gemeinde Starkenberg<br>Borngasse 7<br>04617 Starkenberg<\/strong><\/td><\/tr><tr><td>Telefon<\/td><td><strong>03448 2474<\/strong><\/td><\/tr><tr><td>Fax<\/td><td><strong>03448 752255<\/strong><\/td><\/tr><tr><td>Internet<\/td><td><strong>www.starkenberg.info<\/strong><\/td><\/tr><tr><td>E-Mail<\/td><td><strong>info@gemeindestarkenberg.de<\/strong><\/td><\/tr><tr><td colspan=\"2\"><hr><\/td><\/tr><tr><td>Anschrift der Tagesst\u00e4tte<\/td><td><strong>Kindertagesst\u00e4tte &#8222;Frohe Zukunft&#8220;<br>Ortsteil Kostitz<br>Alter Bahndamm 1<br>04617 Starkenberg<\/strong><\/td><\/tr><tr><td>maximale Belegung<\/td><td><strong>40<\/strong><\/td><\/tr><tr><td>aktuelle Belegung (10\/2010)<\/td><td><strong>38(09\/2011)<\/strong><\/td><\/tr><tr><td>Leiterin<\/td><td><strong>Frau Melanie Franke<br><\/strong><\/td><\/tr><tr><td>Telefon<\/td><td><strong>03448 2322<\/strong><\/td><\/tr><tr><td>\u00d6ffnungszeiten<\/td><td><strong>06:00-16:30 Uhr<br>Bei Bedarf werden die \u00d6ffnungszeiten variabel angepasst.<\/strong><\/td><\/tr><\/tbody><\/table><\/figure>\n\n\n\n<p class=\"has-text-align-center\">Geb\u00fchrensatzung \u00fcber die Benutzung der Kindertageseinrichtung in kommunaler Tr\u00e4gerschaft der Gemeinde Starkenberg.<br>Diese Satzung tritt am 01.09.2023 in Kraft.Die gesamte Satzung kann auf der Internetseite von der Verwaltungsgemeinschaft \u201eVG-Rositz\u201c eingesehen werden.<\/p>\n\n\n<div class=\"wp-block-image\">\n<figure class=\"aligncenter size-full\"><a href=\"https:\/\/www.starkenberg.info\/?attachment_id=8660\"><img loading=\"lazy\" decoding=\"async\" width=\"426\" height=\"741\" src=\"https:\/\/www.starkenberg.info\/_WP\/wp-content\/uploads\/2023\/09\/grafik.png\" alt=\"\" class=\"wp-image-8660\" srcset=\"https:\/\/www.starkenberg.info\/_WP\/wp-content\/uploads\/2023\/09\/grafik.png 426w, https:\/\/www.starkenberg.info\/_WP\/wp-content\/uploads\/2023\/09\/grafik-172x300.png 172w, https:\/\/www.starkenberg.info\/_WP\/wp-content\/uploads\/2023\/09\/grafik-57x100.png 57w, https:\/\/www.starkenberg.info\/_WP\/wp-content\/uploads\/2023\/09\/grafik-150x261.png 150w, https:\/\/www.starkenberg.info\/_WP\/wp-content\/uploads\/2023\/09\/grafik-125x217.png 125w, https:\/\/www.starkenberg.info\/_WP\/wp-content\/uploads\/2023\/09\/grafik-100x174.png 100w\" sizes=\"auto, (max-width: 426px) 100vw, 426px\" \/><\/a><\/figure>\n<\/div>\n\n\n<p>F\u00fcr Kinder, die neu in die Einrichtung kommen erfolgt die Eingew\u00f6hnungsphase nach dem Berliner Model und verbucht bis jetzt gute Erfolge.<\/p>\n\n\n<div class=\"wp-block-image\">\n<figure class=\"alignleft\"><a class=\"thickbox\" href=\"https:\/\/www.starkenberg.info\/_WP\/wp-content\/uploads\/2011\/03\/Bild2.jpg\" rel=\"same-post-62\"><img loading=\"lazy\" decoding=\"async\" width=\"199\" height=\"300\" src=\"https:\/\/www.starkenberg.info\/_WP\/wp-content\/uploads\/2011\/03\/Bild2-199x300.jpg\" alt=\"\" class=\"wp-image-216\" title=\"Bild2\" srcset=\"https:\/\/www.starkenberg.info\/_WP\/wp-content\/uploads\/2011\/03\/Bild2-199x300.jpg 199w, https:\/\/www.starkenberg.info\/_WP\/wp-content\/uploads\/2011\/03\/Bild2.jpg 300w\" sizes=\"auto, (max-width: 199px) 100vw, 199px\" \/><\/a><\/figure>\n<\/div>\n\n\n<p>Die Einrichtung liegt in ruhiger aber zentraler Lage im Ortteil Kostitz der Gemeinde Starkenberg. Sie befindet sich im Zentrum des Einzugsgebietes der Kinder. Zu den Einzugsbereich geh\u00f6ren die Orte der Gemeinde Starkenberg und die angrenzenden Gemeinden Gro\u00dfr\u00f6da und Mehna.<br>Nat\u00fcrlich sind auch Kinder, die nicht zu unserem Einzugsbereich geh\u00f6ren und deren Eltern die Betreuung in unserer Einrichtung w\u00fcnschen, herzlich willkommen.<br>Die Umgebung der Einrichtung ist gepr\u00e4gt vom l\u00e4ndlichen Charakter. In unmittelbarer N\u00e4he befinden sich die Dorfteiche, die gern von Kindern besucht werden, um die Enten und Schw\u00e4ne zu beobachten. An der angrenzenden Wiese sind Pferde zu sehen und vor der Einrichtung befinden sich Tannen, wo zu gegebenen Zeiten Waldohreulen Zuflucht suchen.<\/p>\n\n\n\n<p>Alle Kinder der Einrichtung erleben den Tagesablauf mit Freude und Frohsinn. Dabei sollen sie sich geborgen f\u00fchlen und Zuwendung, sowie Achtung und Anerkennung erfahren und entgegenbringen. Entsprechend ihrem Alter werden F\u00e4higkeiten und Fertigkeiten herausgebildet und gefestigt. Sie haben die M\u00f6glichkeit, nach ihren W\u00fcnschen zu spielen, Natur zu erleben, sich k\u00f6rperlich zu bet\u00e4tigen und die Umwelt aktiv wahrzunehmen und zu gestalten.<\/p>\n\n\n\n<p>F\u00fcr die Kinder stehen in der Einrichtung helle und freundliche Gruppenzimmer zur Verf\u00fcgung. Es wird Wert auf die individuelle und altersgerechte Betreuung in kleinen Gruppen gelegt. In den Zimmer der K\u00e4fergruppe ist ein Panoramafenster. Dadurch k\u00f6nnen auch die Kleinsten das Geschehen im Freien beobachten.<\/p>\n\n\n\n<p>Viertelj\u00e4hrlich kommt der Zahnarzt und lernt den Kindern das Z\u00e4hneputzen nach der KAI \u2013 Methode und spricht \u00fcber die richtige Ern\u00e4hrung.&nbsp;Die Schwester hat f\u00fcr die Kinder immer eine \u00dcberraschung dabei (z. B. eine riesengro\u00dfe Zahnb\u00fcrste oder Obst und Gem\u00fcse).<\/p>\n\n\n\n<p>Einmal im Quartal kommt ein Feuerwehrmann aus Altenburg und arbeitet mit der Igel- und Hasengruppe an einem Brandschutzobjekt.<\/p>\n\n\n\n<p><strong>In der Kindereinrichtung werden den Kindern Lernangebote aus verschiedenen Bereichen angeboten.<\/strong><\/p>\n\n\n\n<ul class=\"wp-block-list\">\n<li>Englisch \u201eHappy Englisch Team\u201c mit Frau Ochmann: Donnerstag Nachmittag<\/li>\n\n\n\n<li>Musik mit Frau Drafehn (Musikp\u00e4dagogin): Freitag fr\u00fch<\/li>\n\n\n\n<li>Schach mit Frau Kohl: Mittwoch fr\u00fch<\/li>\n\n\n\n<li>Natur-, Umwelt- und Sprachbegegnung<\/li>\n\n\n\n<li>Spiele<\/li>\n\n\n\n<li>Bewegungserziehung z.B. Wanderm\u00f6glichkeiten in der n\u00e4heren Umgebung mit viel Wald, sowie Turn- und Sportm\u00f6glichkeiten im neuen Saal der Gemeinde<\/li>\n\n\n\n<li>bedarfsgerechte R\u00fcckenschule<\/li>\n\n\n\n<li>Literatur und Sprache<\/li>\n\n\n\n<li>Rhythmik und Musik<\/li>\n\n\n\n<li>Verkehrserziehung<\/li>\n\n\n\n<li>Besuch von Theater und Museen<\/li>\n<\/ul>\n","protected":false},"excerpt":{"rendered":"<p>Kindertagesst\u00e4tte &#8222;Frohe Zukunft&#8220; In unserer Kindertagesst\u00e4tte besteht die M\u00f6glichkeit, die Kinder ab einem Jahr unterzubringen und sie bis zum Schuleintritt&#8230;<\/p>\n","protected":false},"author":1,"featured_media":0,"parent":0,"menu_order":0,"comment_status":"closed","ping_status":"closed","template":"","meta":{"ngg_post_thumbnail":0,"footnotes":""},"class_list":["post-62","page","type-page","status-publish","hentry"],"_links":{"self":[{"href":"https:\/\/www.starkenberg.info\/index.php?rest_route=\/wp\/v2\/pages\/62","targetHints":{"allow":["GET"]}}],"collection":[{"href":"https:\/\/www.starkenberg.info\/index.php?rest_route=\/wp\/v2\/pages"}],"about":[{"href":"https:\/\/www.starkenberg.info\/index.php?rest_route=\/wp\/v2\/types\/page"}],"author":[{"embeddable":true,"href":"https:\/\/www.starkenberg.info\/index.php?rest_route=\/wp\/v2\/users\/1"}],"replies":[{"embeddable":true,"href":"https:\/\/www.starkenberg.info\/index.php?rest_route=%2Fwp%2Fv2%2Fcomments&post=62"}],"version-history":[{"count":37,"href":"https:\/\/www.starkenberg.info\/index.php?rest_route=\/wp\/v2\/pages\/62\/revisions"}],"predecessor-version":[{"id":8663,"href":"https:\/\/www.starkenberg.info\/index.php?rest_route=\/wp\/v2\/pages\/62\/revisions\/8663"}],"wp:attachment":[{"href":"https:\/\/www.starkenberg.info\/index.php?rest_route=%2Fwp%2Fv2%2Fmedia&parent=62"}],"curies":[{"name":"wp","href":"https:\/\/api.w.org\/{rel}","templated":true}]}}