{"id":67,"date":"2011-03-01T10:28:12","date_gmt":"2011-03-01T10:28:12","guid":{"rendered":"http:\/\/www.starkenberg.info\/_WP\/?page_id=67"},"modified":"2021-03-03T09:11:48","modified_gmt":"2021-03-03T09:11:48","slug":"1-umbau-saal","status":"publish","type":"page","link":"https:\/\/www.starkenberg.info\/?page_id=67","title":{"rendered":"Sanierung Arztpraxis"},"content":{"rendered":"<p><strong><span style=\"text-decoration: underline;\">F\u00f6rderma\u00dfnahme Th\u00fcringen<br \/>\n<\/span><\/strong>Renovierung Arztpraxis Starkenberg<\/p>\n<p>Mithilfe des F\u00f6rderprogramms Th\u00fcringen l\u00e4sst die Gemeinde Starkenberg jetzt die Fassade des \u00c4rztehauses sanieren. Der Gemeinderat hat auf seiner Sitzung am 28.06.2011 die Bauleistungen f\u00fcr die W\u00e4rmed\u00e4mmung und den neuen Anstrich der Fassaden vergeben.<br \/>\nBis Mitte September sollen die Bauarbeiten mit einem Kostenumfang von 68.000 Euro abgeschlossen sein werden. Die Bauleistungen wurden an das Unternehmen MTT M\u00fcnchenbernsdorf bei Gera vergeben. In dem Geb\u00e4ude praktiziert zurzeit die Allgemeinmedizinerin Dr. med. Jaqueline Bohne.<\/p>\n<p style=\"text-align: left;\"><a class=\"thickbox\" title=\"OVZ_20110930_2\" href=\"https:\/\/www.starkenberg.info\/_WP\/wp-content\/uploads\/2011\/03\/OVZ_20110930_2.jpg\" rel=\"same-post-67\"><img loading=\"lazy\" decoding=\"async\" class=\"alignleft size-medium wp-image-1638\" title=\"OVZ_20110930_2\" src=\"https:\/\/www.starkenberg.info\/_WP\/wp-content\/uploads\/2011\/03\/OVZ_20110930_2-300x95.jpg\" alt=\"\" width=\"300\" height=\"95\" srcset=\"https:\/\/www.starkenberg.info\/_WP\/wp-content\/uploads\/2011\/03\/OVZ_20110930_2-300x95.jpg 300w, https:\/\/www.starkenberg.info\/_WP\/wp-content\/uploads\/2011\/03\/OVZ_20110930_2-100x31.jpg 100w, https:\/\/www.starkenberg.info\/_WP\/wp-content\/uploads\/2011\/03\/OVZ_20110930_2.jpg 571w\" sizes=\"auto, (max-width: 300px) 100vw, 300px\" \/><\/a><strong>\u00c4rztehaus macht Starkenberg attraktiver<\/strong><br \/>\n<strong>Rund 63 200 Euro in die Sanierung investiert<\/strong><br \/>\nDas \u00c4rztehaus im Zentrum von Starkenberg ist am 29. September 2011\u00a0 feierlich von der Baufirma an die Gemeinde \u00fcbergeben worden. F\u00fcnf Monate sind von der Bewilligung der F\u00f6rdergelder bis zur Fertigstellung vergangen. Insgesamt kostete die energetische Sanierung des Geb\u00e4udes 63 200 Euro, wobei zwei Drittel von Bund und Land getragen wurden und ein Drittel die Gemeinde selbst zu zahlen hatte.<br \/>\n\u201eWir sind sehr froh, dass wir die M\u00f6glichkeit hatten, das \u00c4rztehaus zu sanieren\u201c, verr\u00e4t B\u00fcrgermeister Wolfram Schlegel (Regionale). \u201eWir wollen das Dorfleben attraktiver machen, und dazu geh\u00f6rt auch die \u00e4rztliche Versorgung. Heute haben wir daf\u00fcr den Grundstein gelegt.\u201c<\/p>\n<p style=\"text-align: left;\"><a class=\"thickbox\" title=\"OVZ_20110930_1\" href=\"https:\/\/www.starkenberg.info\/_WP\/wp-content\/uploads\/2011\/03\/OVZ_20110930_1.jpg\" rel=\"same-post-67\"><img loading=\"lazy\" decoding=\"async\" class=\"alignleft size-medium wp-image-1639\" title=\"OVZ_20110930_1\" src=\"https:\/\/www.starkenberg.info\/_WP\/wp-content\/uploads\/2011\/03\/OVZ_20110930_1-300x214.jpg\" alt=\"\" width=\"300\" height=\"214\" srcset=\"https:\/\/www.starkenberg.info\/_WP\/wp-content\/uploads\/2011\/03\/OVZ_20110930_1-300x214.jpg 300w, https:\/\/www.starkenberg.info\/_WP\/wp-content\/uploads\/2011\/03\/OVZ_20110930_1-100x71.jpg 100w, https:\/\/www.starkenberg.info\/_WP\/wp-content\/uploads\/2011\/03\/OVZ_20110930_1.jpg 701w\" sizes=\"auto, (max-width: 300px) 100vw, 300px\" \/><\/a>In dem \u00c4rztehaus praktiziert die Allgemeinmedizinerin Jaqueline Bohne, deren Einzugsgebiet nicht nur die Gemeinde Starkenberg umfasst, sondern auch die St\u00e4dte Lucka und Schm\u00f6lln.<\/p>\n<p>Realisiert wurde die Sanierung der Fassade und die D\u00e4mmung im Rahmen der Wachstumsinitiative Altenburger Land. Die F\u00f6rdergelder stammen aus dem Bund-L\u00e4nder-Programm \u201eKleinere St\u00e4dte und Gemeinden\u201c, wobei das \u00c4rztehaus das erste fertiggestellte Projekt im Landkreis ist. Weitere 20 Vorhaben mit einem Gesamtvolumen von neun Millionen Euro sind nach Auskunft des Th\u00fcringer Bau-Ministeriums bereits bewilligt oder haben begonnen.<br \/>\nIn Starkenberg musste die Gemeinde mehr als 20 000 Euro f\u00fcr die Sanierung aufbringen, doch f\u00fcr B\u00fcrgermeister Schlegel hat sich die Investition gelohnt. \u201eDurch die Gemeindeverwaltung, den gro\u00dfen Saal, den Gasthof und das \u00c4rztehaus haben wir ein richtiges Dorfzentrum geschaffen, und ich hoffe, dass wir damit dem demografischen Wandel ein wenig entgegenwirken k\u00f6nnen\u201c, so Schlegel.<\/p>\n<p style=\"text-align: right;\"><em>Monique Pucher<\/em><\/p>\n<p style=\"text-align: center;\"><strong>05.09.2011<br \/>\n<\/strong>ngg_shortcode_0_placeholder<\/p>\n<p style=\"text-align: center;\"><strong>30.08.2011<br \/>\n<\/strong>ngg_shortcode_1_placeholder<\/p>\n<p style=\"text-align: center;\"><strong>24.08.2011<br \/>\n<\/strong>ngg_shortcode_2_placeholder<strong><br \/>\n<\/strong><\/p>\n<p style=\"text-align: center;\"><strong>11.08.2011<br \/>\n<\/strong>ngg_shortcode_3_placeholder<\/p>\n<p style=\"text-align: center;\"><strong>04.08.2011<\/strong><br \/>\nngg_shortcode_4_placeholder<\/p>\n<p style=\"text-align: center;\"><strong>21.01.2011<\/strong><br \/>\nngg_shortcode_5_placeholder<\/p>\n","protected":false},"excerpt":{"rendered":"<p>F\u00f6rderma\u00dfnahme Th\u00fcringen Renovierung Arztpraxis Starkenberg Mithilfe des F\u00f6rderprogramms Th\u00fcringen l\u00e4sst die Gemeinde Starkenberg jetzt die Fassade des \u00c4rztehauses sanieren. Der&#8230;<\/p>\n","protected":false},"author":1,"featured_media":0,"parent":0,"menu_order":0,"comment_status":"closed","ping_status":"closed","template":"page-template\/page-with-right-sidebar.php","meta":{"ngg_post_thumbnail":0,"footnotes":""},"class_list":["post-67","page","type-page","status-publish","hentry"],"_links":{"self":[{"href":"https:\/\/www.starkenberg.info\/index.php?rest_route=\/wp\/v2\/pages\/67","targetHints":{"allow":["GET"]}}],"collection":[{"href":"https:\/\/www.starkenberg.info\/index.php?rest_route=\/wp\/v2\/pages"}],"about":[{"href":"https:\/\/www.starkenberg.info\/index.php?rest_route=\/wp\/v2\/types\/page"}],"author":[{"embeddable":true,"href":"https:\/\/www.starkenberg.info\/index.php?rest_route=\/wp\/v2\/users\/1"}],"replies":[{"embeddable":true,"href":"https:\/\/www.starkenberg.info\/index.php?rest_route=%2Fwp%2Fv2%2Fcomments&post=67"}],"version-history":[{"count":30,"href":"https:\/\/www.starkenberg.info\/index.php?rest_route=\/wp\/v2\/pages\/67\/revisions"}],"predecessor-version":[{"id":7860,"href":"https:\/\/www.starkenberg.info\/index.php?rest_route=\/wp\/v2\/pages\/67\/revisions\/7860"}],"wp:attachment":[{"href":"https:\/\/www.starkenberg.info\/index.php?rest_route=%2Fwp%2Fv2%2Fmedia&parent=67"}],"curies":[{"name":"wp","href":"https:\/\/api.w.org\/{rel}","templated":true}]}}