{"id":805,"date":"2011-05-10T11:05:21","date_gmt":"2011-05-10T11:05:21","guid":{"rendered":"http:\/\/www.starkenberg.info\/_WP\/?page_id=805"},"modified":"2021-03-03T09:12:20","modified_gmt":"2021-03-03T09:12:20","slug":"windkraftanlagen","status":"publish","type":"page","link":"https:\/\/www.starkenberg.info\/?page_id=805","title":{"rendered":"Windkraftanlage"},"content":{"rendered":"<p>Stand: Mai 2014<\/p>\n<p><b><span style=\"text-decoration: underline;\">Fertiggestellte Anlagen \u2013 5 St\u00fcck<\/span><br \/>\n<\/b><b>2 St\u00fcck<\/b>, Gemarkung Kraasa<br \/>\ngenehmigte Leistung: 2 MW, Nabenh\u00f6he 138,38 m,<br \/>\nRotordurchmesser 82 m,<br \/>\nEntfernung n\u00e4chste Wohnbebauung: ca. 2000 zum Ortskern Naundorf<br \/>\n<b>3 St\u00fcck<\/b>, Gemarkung Naundorf<br \/>\ngenehmigte Leistung: 2,3 MW, Nabenh\u00f6he 138,38 m,<br \/>\nRotordurchmesser 82 m,<br \/>\nEntfernung n\u00e4chste Wohnbebauung: ca. 1000 zum Ortskern Naundorf<\/p>\n<hr \/>\n<p><span style=\"text-decoration: underline;\">\u00a0<b>Beantragte Anlagen<\/b> <\/span><b><span style=\"text-decoration: underline;\">\u2013 5 St\u00fcck<\/span><br \/>\n1 St\u00fcck<\/b>, Gemarkung Kraasa<br \/>\nbeantragte Leistung: 2,3 MW, Nabenh\u00f6he 140 m,<br \/>\nRotordurchmesser 112 m,<br \/>\nEntfernung n\u00e4chste Wohnbebauung: ca. 1200 zum Ortskern Kostitz<br \/>\nGenehmigung durch Landratsamt am 03.04.2014<br \/>\n<strong>2 St\u00fcck<\/strong>, Gemarkung Kraasa<br \/>\nbeantragte Leistung: 3 MW, Namenh\u00f6he 140 m,<br \/>\nRotordurchmesser 112m,<br \/>\nAntrag in Gemeinde eingegangen 10.04.2014<br \/>\n<strong>2 St\u00fcck<\/strong>, als Vorabinformation in der Gemeinde<\/p>\n<p>&nbsp;<\/p>\n<hr \/>\n<p>05.06.2014 OVZ<\/p>\n<p><b><i>Gemeinderatssitzung <\/i><\/b>Weitere Windr\u00e4der geplant<br \/>\nStarkenberg (reu). Seit etwa zwei Wochen liegt ein weiterer Antrag zum Bau von zwei Windkraftanlagen in Starkenberg vor.<br \/>\nDas erfuhren die B\u00fcrger vorgestern zur Gemeinderatssitzung.<br \/>\nBereits im Februar stellten Investoren ebenfalls einen Antrag zum Bau von zwei Windr\u00e4dern. Jedoch sind die Windkraftanlagen im Kraasaer Grund sehr umstritten und von Anwohnern und Gemeinde nicht gewollt.<br \/>\nDerzeit lasse die Gemeinde pr\u00fcfen, ob die Genehmigung gegen den Willen und die Entscheidung der Gemeinde von einer \u00fcbergeordneten Beh\u00f6rde, etwa dem Landratsamt, wieder m\u00f6glich ist, informierte B\u00fcrgermeister Wolfram Schlegel (die Regionalen).<br \/>\nAuf OVZ-Anfrage erkl\u00e4rte er: Sollten sich keine neun Erkenntnisse ergeben, werde die Gemeinde jedoch nicht wieder klagen.<\/p>\n<hr \/>\n<p>16.07.2013<\/p>\n<p>Die f\u00fcnfte Kammer des Geraer Verwaltungsgerichtes hat die Klage der Gemeinde Starkenberg sowie von Privatpersonen gegen die Aufstellung von zwei Windr\u00e4dern im Kraasaer Grund zur\u00fcckgewiesen. Diese Entscheidung wurde am 16.07.2013 bekannt gegeben.<\/p>\n<p>Mit dem Urteil endet vorerst ein dreieinhalb Jahre andauernder Rechtsstreit, der am vergangenen Dienstag mit einer mehrst\u00fcndigen Verhandlung des Gerichtes vor Ort einen H\u00f6hepunkt erlebte.<br \/>\nGegen das Urteil kann noch vor dem Oberverwaltungsgericht vorgegangen werden. Ob die Kl\u00e4ger die n\u00e4chsth\u00f6here Instanz bem\u00fchen werden, war noch offen.<\/p>\n<hr \/>\n<p>06.06.2012<br \/>\nngg_shortcode_0_placeholder<\/p>\n<p>29.05.2012<br \/>\nngg_shortcode_1_placeholder<\/p>\n<p>25.05.2012<br \/>\nngg_shortcode_2_placeholder<\/p>\n<p>08.05.2012<br \/>\nngg_shortcode_3_placeholder<\/p>\n<p>08.05.2012<br \/>\nngg_shortcode_4_placeholder<\/p>\n<p>27.04.2012<br \/>\nngg_shortcode_5_placeholder<\/p>\n<p>13.04.2012<br \/>\nngg_shortcode_6_placeholder<\/p>\n<p>06.04.2012<br \/>\nngg_shortcode_7_placeholder<\/p>\n<p>04. April 2012<br \/>\nngg_shortcode_8_placeholder<\/p>\n<p>&nbsp;<\/p>\n<p>&nbsp;<\/p>\n<p><a class=\"thickbox\" title=\"Windrad7\" href=\"https:\/\/www.starkenberg.info\/_WP\/wp-content\/uploads\/2011\/05\/Windrad7.jpg\" rel=\"same-post-805\"><img loading=\"lazy\" decoding=\"async\" class=\"alignleft size-thumbnail wp-image-857\" title=\"Windrad7\" src=\"https:\/\/www.starkenberg.info\/_WP\/wp-content\/uploads\/2011\/05\/Windrad7-100x52.jpg\" alt=\"\" width=\"100\" height=\"52\" srcset=\"https:\/\/www.starkenberg.info\/_WP\/wp-content\/uploads\/2011\/05\/Windrad7-100x52.jpg 100w, https:\/\/www.starkenberg.info\/_WP\/wp-content\/uploads\/2011\/05\/Windrad7-300x158.jpg 300w, https:\/\/www.starkenberg.info\/_WP\/wp-content\/uploads\/2011\/05\/Windrad7-1024x539.jpg 1024w, https:\/\/www.starkenberg.info\/_WP\/wp-content\/uploads\/2011\/05\/Windrad7.jpg 1116w\" sizes=\"auto, (max-width: 100px) 100vw, 100px\" \/><\/a>Selbst die vom Wirtschaftsminister geforderte Erh\u00f6hung der Vorrangfl\u00e4chen f\u00fcr Windkraftanlagen von 0,3 Prozent auf 1 Prozent ist im Altenburger Land bereits erreicht.<\/p>\n<p>Zudem ist der Gemeinde f\u00fcr eine fundierte Stellungnahme zu den umfangreichen <a class=\"thickbox\" title=\"Windrad4\" href=\"https:\/\/www.starkenberg.info\/_WP\/wp-content\/uploads\/2011\/05\/Windrad4.jpg\" rel=\"same-post-805\"><img loading=\"lazy\" decoding=\"async\" class=\"size-thumbnail wp-image-850 alignright\" title=\"Windrad4\" src=\"https:\/\/www.starkenberg.info\/_WP\/wp-content\/uploads\/2011\/05\/Windrad4-72x100.jpg\" alt=\"\" width=\"72\" height=\"100\" srcset=\"https:\/\/www.starkenberg.info\/_WP\/wp-content\/uploads\/2011\/05\/Windrad4-72x100.jpg 72w, https:\/\/www.starkenberg.info\/_WP\/wp-content\/uploads\/2011\/05\/Windrad4-218x300.jpg 218w, https:\/\/www.starkenberg.info\/_WP\/wp-content\/uploads\/2011\/05\/Windrad4-746x1024.jpg 746w, https:\/\/www.starkenberg.info\/_WP\/wp-content\/uploads\/2011\/05\/Windrad4.jpg 861w\" sizes=\"auto, (max-width: 72px) 100vw, 72px\" \/><\/a>Genehmigungsunterlagen nicht ausreichend Zeit einger\u00e4umt worden.<br \/>\nDas Landratsamt hat im Verfahren die Ablehnung der Gemeinde Starkenberg durch eine eigene Entscheidung ersetzt und die Genehmigung erteilt.<br \/>\nZur Zeit befindet sich der Einspruch der Gemeinde Starkenberg noch in der Pr\u00fcfung durch das Verwaltungsgericht.<\/p>\n<p>Bis zum Jahresende 2011 sollen 2 Anlagen des Typs <strong>Enercon E 82<\/strong> gebaut werden.<br \/>\n3 weitere Anlagen sind schon in der Genehmigungsphase und werden dann im Jahr 2012 hinzukommen.<\/p>\n<hr \/>\n<p><a class=\"thickbox\" title=\"OVZ_20110923_1\" href=\"https:\/\/www.starkenberg.info\/_WP\/wp-content\/uploads\/2011\/05\/OVZ_20110923_1.jpg\" rel=\"same-post-805\"><img loading=\"lazy\" decoding=\"async\" class=\"alignleft size-medium wp-image-1619\" title=\"OVZ_20110923_1\" src=\"https:\/\/www.starkenberg.info\/_WP\/wp-content\/uploads\/2011\/05\/OVZ_20110923_1-300x81.jpg\" alt=\"\" width=\"300\" height=\"81\" srcset=\"https:\/\/www.starkenberg.info\/_WP\/wp-content\/uploads\/2011\/05\/OVZ_20110923_1-300x81.jpg 300w, https:\/\/www.starkenberg.info\/_WP\/wp-content\/uploads\/2011\/05\/OVZ_20110923_1-100x27.jpg 100w, https:\/\/www.starkenberg.info\/_WP\/wp-content\/uploads\/2011\/05\/OVZ_20110923_1.jpg 676w\" sizes=\"auto, (max-width: 300px) 100vw, 300px\" \/><\/a>Schon seit einigen Jahren wehren sich die Gemeinde Starkenberg sowie eine B\u00fcrgerinitiative gegen die geplante Errichtung zweier Windkraftanlagen im Kraasaer Grund.<\/p>\n<p>Der Ausgang des komplizierten Rechtsstreites ist noch ungewiss. Daf\u00fcr hat der Gemeinderat ohne Vorbehalt den Weg f\u00fcr Biogas- und Solaranlagen geebnet.<\/p>\n<p>Von Starkenbergs B\u00fcrgermeister Wolfram Schlegel (Regionale) hatte eine weitere Hiobsbotschaft f\u00fcr die Gegner der Windkraft parat: \u201eDer Gemeinde liegen die Antr\u00e4ge zur Errichtung von drei weiteren Anlagen vor\u201c, teilte er auf der j\u00fcngsten Gemeinderatssitzung mit. \u201eDann h\u00e4tten wir schon f\u00fcnf von den Dingern\u201c, meinte ein Gegner mit einem Anflug von Ironie. Aber wie schon bei den vor Jahren beantragten Windkraftr\u00e4dern, die jeweils 180 Meter hoch werden sollen, will die Gemeinde auch im neuen Fall nicht einlenken. \u201eWir als Gemeinderat werden diesem Anliegen nicht zustimmen\u201c, legte sich das Gemeindeoberhaupt bereits fest. Und das, obwohl das Landratsamt den Bau der ersten beiden\u00a0 Anlagen nach dem Bundesimmissionsschutzgesetz genehmigt hat (OVZ berichtete).<\/p>\n<p><a class=\"thickbox\" title=\"OVZ_20110923_2\" href=\"https:\/\/www.starkenberg.info\/_WP\/wp-content\/uploads\/2011\/05\/OVZ_20110923_2.jpg\" rel=\"same-post-805\"><img loading=\"lazy\" decoding=\"async\" class=\"alignleft size-medium wp-image-1618\" title=\"OVZ_20110923_2\" src=\"https:\/\/www.starkenberg.info\/_WP\/wp-content\/uploads\/2011\/05\/OVZ_20110923_2-300x129.jpg\" alt=\"\" width=\"300\" height=\"129\" srcset=\"https:\/\/www.starkenberg.info\/_WP\/wp-content\/uploads\/2011\/05\/OVZ_20110923_2-300x129.jpg 300w, https:\/\/www.starkenberg.info\/_WP\/wp-content\/uploads\/2011\/05\/OVZ_20110923_2-100x43.jpg 100w, https:\/\/www.starkenberg.info\/_WP\/wp-content\/uploads\/2011\/05\/OVZ_20110923_2.jpg 941w\" sizes=\"auto, (max-width: 300px) 100vw, 300px\" \/><\/a>Noch ist die Entscheidung\u00a0 im schwelenden Rechtsstreit nicht gefallen. \u201eWir m\u00fcssen abwarten\u201c, sagte\u00a0 Schlegel. Er sieht seine Gemeinde nach wie vor in einer rechtlich sicheren Position: Die geplanten Anlagen bef\u00e4nden sich nur in einem 680-Meter-Abstand zur n\u00e4chsten Orts- und Wohnbebauung. \u201eZu dicht\u201c, konstatierte der B\u00fcrgermeister und verwies auf den festgeschriebenen Mindestabstand von 750 Metern, den so eine Windkraftanlage zum n\u00e4chsten Wohnhaus nach geltendem Recht haben m\u00fcsste. Doch mittlerweile ist im Rahmen der Neufassung des Regionalplanes f\u00fcr Ostth\u00fcringen das Vorranggebiet f\u00fcr die Errichtung von Windkraftanlagen sogar erweitert worden. \u201eAuch dieser Entwurf wird von der Gemeinde keinen Zuspruch erhalten\u201c, k\u00fcndigte Schlegel an.<\/p>\n<p>Gegen Windkraftr\u00e4der sind die Starkenberger aus mehreren Gr\u00fcnden. Zum einen wegen des nicht gew\u00e4hrleisteten Mindestabstands zur ersten Wohnbebauung, zum anderen aus naturschutz-rechtlichen Gr\u00fcnden. Man sieht erhebliche Gefahren f\u00fcr gesch\u00fctzte Arten wie den Rotmilan.<\/p>\n<p>Doch Gemeinde und B\u00fcrger verwehren sich keineswegs dem Thema erneuerbare Energien. So hat Starken-berg bereits den Bau von zwei Biogasanlagen genehmigt. Hinzu kommt eine\u00a0 geplante Fotovoltaikanlage auf dem Gel\u00e4nde der ehemaligen Kiesgrube bei Kleinr\u00f6da, Es k\u00f6nnte sogar die gr\u00f6\u00dfte Solaranlage im Altenburger Land werden. Angedacht ist der Bau rund um das Kies- und Sandwerk Starkenberg auf einer Fl\u00e4che von rund 64 Hektar. Der Investor plant laut B\u00fcrgermeister, noch in diesem Jahr mit einem Teil der Anlage ans Netz zu gehen. (J\u00f6rg Wolf)<\/p>\n<p>&nbsp;<\/p>\n","protected":false},"excerpt":{"rendered":"<p>Stand: Mai 2014 Fertiggestellte Anlagen \u2013 5 St\u00fcck 2 St\u00fcck, Gemarkung Kraasa genehmigte Leistung: 2 MW, Nabenh\u00f6he 138,38 m, Rotordurchmesser&#8230;<\/p>\n","protected":false},"author":1,"featured_media":1972,"parent":0,"menu_order":0,"comment_status":"closed","ping_status":"closed","template":"page-template\/blog-with-right-sidebar.php","meta":{"ngg_post_thumbnail":0,"footnotes":""},"class_list":["post-805","page","type-page","status-publish","has-post-thumbnail","hentry"],"_links":{"self":[{"href":"https:\/\/www.starkenberg.info\/index.php?rest_route=\/wp\/v2\/pages\/805","targetHints":{"allow":["GET"]}}],"collection":[{"href":"https:\/\/www.starkenberg.info\/index.php?rest_route=\/wp\/v2\/pages"}],"about":[{"href":"https:\/\/www.starkenberg.info\/index.php?rest_route=\/wp\/v2\/types\/page"}],"author":[{"embeddable":true,"href":"https:\/\/www.starkenberg.info\/index.php?rest_route=\/wp\/v2\/users\/1"}],"replies":[{"embeddable":true,"href":"https:\/\/www.starkenberg.info\/index.php?rest_route=%2Fwp%2Fv2%2Fcomments&post=805"}],"version-history":[{"count":68,"href":"https:\/\/www.starkenberg.info\/index.php?rest_route=\/wp\/v2\/pages\/805\/revisions"}],"predecessor-version":[{"id":3435,"href":"https:\/\/www.starkenberg.info\/index.php?rest_route=\/wp\/v2\/pages\/805\/revisions\/3435"}],"wp:featuredmedia":[{"embeddable":true,"href":"https:\/\/www.starkenberg.info\/index.php?rest_route=\/wp\/v2\/media\/1972"}],"wp:attachment":[{"href":"https:\/\/www.starkenberg.info\/index.php?rest_route=%2Fwp%2Fv2%2Fmedia&parent=805"}],"curies":[{"name":"wp","href":"https:\/\/api.w.org\/{rel}","templated":true}]}}